5
10110001110 (base 2) to base 7
4101
-ab2 (base 13) to base 10
-1835
What is 47833 (base 10) in base 8?
135331
-1737 (base 10) to base 15
-7ac
What is 199 (base 11) in base 12?
171
-9a5 (base 12) to base 13
-854
What is 23102 (base 5) in base 11?
1272
Convert 196b (base 16) to base 12.
3923
9e0f (base 16) to base 13
15557
1491 (base 14) to base 12
2147
What is -1588 (base 10) in base 16?
-634
Convert -1a0 (base 12) to base 14.
-14c
Convert -14628 (base 10) to base 11.
-aa99
Convert 22111 (base 4) to base 11.
551
564 (base 8) to base 2
101110100
What is 250660 (base 7) in base 10?
45955
What is -13096 (base 10) in base 9?
-18861
-110113 (base 4) to base 3
-1210021
36700 (base 10) to base 7
211666
15825 (base 9) to base 3
112220212
Convert 729 (base 11) to base 12.
612
Convert -22a (base 12) to base 4.
-11002
What is -14151 (base 8) in base 11?
-4771
Convert 35302 (base 6) to base 2.
1001111010110
Convert -19 (base 12) to base 8.
-25
10100011011110 (base 2) to base 13
49ba
-201432 (base 6) to base 8
-37074
3120 (base 5) to base 3
120012
What is -422 (base 16) in base 8?
-2042
Convert -11075 (base 11) to base 7.
-64543
Convert 8331 (base 9) to base 5.
143403
What is 2162 (base 8) in base 14?
5b4
Convert -10111110 (base 2) to base 6.
-514
Convert -1110220 (base 3) to base 8.
-2065
Convert -6523 (base 9) to base 6.
-34120
Convert b13 (base 12) to base 14.
823
What is 1098 (base 11) in base 16?
59e
-23cc (base 13) to base 10
-5069
What is -17d95 (base 14) in base 15?
-12d03
What is 1100002 (base 3) in base 4?
33032
Convert 12 (base 3) to base 11.
5
What is -213322 (base 4) in base 12?
-158a
Convert -3083 (base 14) to base 11.
-62a9
What is 49e8 (base 16) in base 12?
ab48
What is 23366 (base 8) in base 6?
114102
What is -11843 (base 9) in base 4?
-1330221
What is deb (base 15) in base 13?
1580
What is 1132440 (base 5) in base 2?
101001000000011
Convert -ad54 (base 15) to base 10.
-36754
Convert 620 (base 7) to base 12.
218
What is 1bc (base 16) in base 5?
3234
What is -3701 (base 8) in base 16?
-7c1
10010101011 (base 2) to base 4
102223
What is 669a (base 13) in base 11?
a841
11522 (base 8) to base 6
34522
-10022220 (base 3) to base 14
-c55
What is 240014 (base 5) in base 16?
2237
100010111100 (base 2) to base 5
32421
Convert -11011110 (base 2) to base 10.
-222
What is -202136 (base 7) in base 16?
-8648
315 (base 15) to base 3
221202
What is 7d3b (base 16) in base 5?
2011214
What is 250352 (base 6) in base 7?
121433
What is -144 (base 10) in base 7?
-264
Convert -100011000011001 (base 2) to base 10.
-17945
Convert -376 (base 9) to base 10.
-312
What is -16463 (base 8) in base 15?
-2335
21403 (base 5) to base 14
778
1c94 (base 15) to base 8
14106
Convert -231 (base 5) to base 3.
-2110
43023 (base 6) to base 13
287a
717 (base 8) to base 13
298
Convert -48630 (base 9) to base 6.
-410513
Convert -2122210 (base 3) to base 15.
-893
23205 (base 6) to base 12
1b05
Convert 162065 (base 7) to base 9.
47735
-5ca0 (base 13) to base 9
-20023
What is -45746 (base 10) in base 16?
-b2b2
What is 660 (base 15) in base 10?
1440
b78c (base 13) to base 3
1021221012
Convert -2002 (base 5) to base 2.
-11111100
Convert 12021200 (base 3) to base 13.
19a4
What is -832 (base 9) in base 15?
-302
What is 20d (base 16) in base 9?
643
Convert -23610 (base 9) to base 12.
-9190
Convert 3411 (base 5) to base 12.
341
Convert 347 (base 10) to base 7.
1004
Convert -32023 (base 4) to base 7.
-2434
-746 (base 14) to base 8
-2632
Convert -3262 (base 10) to base 14.
-1290
Convert 7416 (base 8) to base 2.
111100001110
1010001 (base 2) to base 8
121
Convert 6cc (base 14) to base 6.
10140
What is 1585 (base 13) in base 3?
11022201
What is -13569 (base 10) in base 13?
-623a
-1010 (base 7) to base 11
-299
Convert ad3 (base 15) to base 5.
34243
Convert -10423 (base 5) to base 12.
-516
Convert -1110010001 (base 2) to base 8.
-1621
-1118 (base 10) to base 3
-1112102
1731 (base 13) to base 10
3420
11e25 (base 15) to base 8
157541
-1104 (base 7) to base 8
-614
Convert 34313 (base 5) to base 11.
1935
Convert 5c2 (base 14) to base 2.
10001111110
-1b21 (base 13) to base 3
-12121020
380 (base 15) to base 3
1002110
13aa (base 11) to base 5
24224
What is -2db (base 15) in base 2?
-1010010000
-1107 (base 16) to base 14
-1835
370 (base 8) to base 7
503
What is -164 (base 10) in base 15?
-ae
6240 (base 8) to base 4
302200
Convert -310 (base 4) to base 3.
-1221
What is -3ae8 (base 16) in base 12?
-8888
1010321 (base 4) to base 7
15566
Convert 4620 (base 9) to base 3.
11200200
-8770 (base 9) to base 4
-1210332
What is 111001101000001 (base 2) in base 3?
1111110210
What is -165 (base 13) in base 11?
-20a
-145 (base 16) to base 14
-193
2175 (base 8) to base 12
7b9
Convert -260 (base 13) to base 4.
-12200
Convert -6ba4 (base 15) to base 12.
-112a7
4000 (base 6) to base 3
1012000
Convert -20202020 (base 3) to base 10.
-4920
Convert -182 (base 15) to base 11.
-296
Convert 29 (base 13) to base 7.
50
What is 478 (base 10) in base 13?
2aa
Convert 1505 (base 7) to base 12.
415
What is -3012 (base 6) in base 8?
-1220
232 (base 11) to base 15
137
Convert -1be8 (base 16) to base 4.
-1233220
1010110 (base 3) to base 8
1466
Convert 62 (base 10) to base 3.
2022
Convert 11507 (base 11) to base 15.
4da9
What is 8e0b (base 16) in base 7?
211005
Convert 10021002 (base 3) to base 12.
1462
Convert 112102 (base 3) to base 12.
285
What is -722 (base 9) in base 2?
-1001001011
Convert -1302 (base 5) to base 10.
-202
What is -11010101011010 (base 2) in base 16?
-355a
What is 14301 (base 8) in base 9?
8621
1255 (base 16) to base 2
1001001010101
Convert 120002 (base 4) to base 11.
1179
-1335353 (base 6) to base 12
-37559
-1426 (base 12) to base 4
-210132
What is 2542 (base 9) in base 15?
86b
65244 (base 7) to base 6
203123
What is a42 (base 12) in base 3?
2001012
2611 (base 14) to base 8
15027
Convert -411330 (base 5) to base 9.
-20262
Convert 1476 (base 11) to base 4.
131222
Convert 335055 (base 7) to base 9.
100406
What is -1766 (base 9) in base 8?
-2514
What is -110010 (base 3) in base 15?
-16c
What is 3001 (base 9) in base 7?
6244
Convert -152a8 (base 12) to base 5.
-1423132
-10011 (base 3) to base 7
-151
Convert 31a70 (base 11) to base 16.
b5cd
What is -17476 (base 12) in base 3?
-1200221200
What is -1010000111111 (base 2) in base 10?
-5183
What is 1ce (base 16) in base 12?
326
Convert -447 (base 12) to base 4.
-21313
Convert -1001101 (base 3) to base 4.
-23332
What is 110222 (base 4) in base 9?
1728
What is 2b0b (base 12) in base 13?
23b7
-2bc6 (base 15) to base 12
-5543
What is 31a (base 14) in base 5?
4422
Convert -b414 (base 15) to base 12.
-1a024
What is 1210321 (base 4) in base 6?
45521
Convert -265a0 (base 12) to base 8.
-146710
-2430 (base 13) to base 9
-7006
What is 210012 (base 3) in base 10?
572
What is 1309 (base 14) in base 11?
2568
Convert 3135 (base 14) to base 3.
102121220
What is -98c8 (base 14) in base 8?
-63510
Convert -6aab (base 12) to base 8.
-27243
Convert 534 (base 14) to base 4.
100002
23342 (base 5) to base 15
79c
Convert -11213233 (base 4) to base 9.
-34521
-5d (base 15) to base 2
-1011000
-224025 (base 6) to base 16
-4a51
Convert -101001010011 (base 2) to base 14.
-d6b
What is -2344 (base 10) in base 12?
-1434
Convert 1000101101111 (base 2) to base 16.
116f
1110101000111010 (base 2) to base 9
101224
What is 10110000010001 (base 2) in base 9?
16424
37bb (base 14) to base 2
10011000101001
-10020112120 (base 3) to base 6
-1211240
Convert -284 (base 11) to base 15.
-174
Convert 2517 (base 14) to base 4.
1211121
Convert 695 (base 14) to base 12.
90b
Convert 21 (base 3) to base 11.
7
What is -201000101 (base 3) in base 15?
-4191
What is 2003 (base 4) in base 14?
95
What is -3328 (base 12) in base 11?
-4275
Convert -b3 (base 12) to base 11.
-113
What is -161441 (base 8) in base 4?
-32030201
2c1 (base 16) to base 8
1301
Convert 252540 (base 6) to base 10.
22668
-5351 (base 10) to base 12
-311b
-2515 (base 6) to base 9
-762
-a91 (base 13) to base 16
-710
What is -cb7 (base 13) in base 15?
-9a3
Convert 14e9 (base 15) to base 7.
16050
What is -4c3e (base 15) in base 2?
-11111110000011
Convert 7648 (base 15) to base 10.
25043
11011111 (base 2) to base 5
1343
1071 (base 9) to base 16
319
Convert -7 (base 12) to b